{"id":4366,"date":"2018-07-04T12:58:13","date_gmt":"2018-07-04T10:58:13","guid":{"rendered":"https:\/\/fotoit.it\/2016\/?post_type=project&#038;p=4366"},"modified":"2019-12-02T12:30:25","modified_gmt":"2019-12-02T11:30:25","slug":"spela-volcic","status":"publish","type":"project","link":"https:\/\/fotoit.it\/2016\/project\/spela-volcic\/","title":{"rendered":"\u0160PELA VOL\u010cI\u010c &#8211; Et fiat lux"},"content":{"rendered":"<p>&nbsp;<\/p>\n\n\t\t<style type=\"text\/css\">\n\t\t\t#gallery-2 {\n\t\t\t\tmargin: auto;\n\t\t\t}\n\t\t\t#gallery-2 .gallery-item {\n\t\t\t\tfloat: left;\n\t\t\t\tmargin-top: 10px;\n\t\t\t\ttext-align: center;\n\t\t\t\twidth: 33%;\n\t\t\t}\n\t\t\t#gallery-2 img {\n\t\t\t\tborder: 2px solid #cfcfcf;\n\t\t\t}\n\t\t\t#gallery-2 .gallery-caption {\n\t\t\t\tmargin-left: 0;\n\t\t\t}\n\t\t\t\/* see gallery_shortcode() in wp-includes\/media.php *\/\n\t\t<\/style>\n\t\t<div id='gallery-2' class='gallery galleryid-4366 gallery-columns-3 gallery-size-thumbnail'><dl class='gallery-item'>\n\t\t\t<dt class='gallery-icon portrait'>\n\t\t\t\t<a href='https:\/\/fotoit.it\/2016\/wp-content\/uploads\/2018\/07\/10_spela_volcic-1.jpg'><img loading=\"lazy\" decoding=\"async\" width=\"150\" height=\"210\" src=\"https:\/\/fotoit.it\/2016\/wp-content\/uploads\/2018\/07\/10_spela_volcic-1-150x210.jpg\" class=\"attachment-thumbnail size-thumbnail\" alt=\"\" \/><\/a>\n\t\t\t<\/dt><\/dl><dl class='gallery-item'>\n\t\t\t<dt class='gallery-icon portrait'>\n\t\t\t\t<a href='https:\/\/fotoit.it\/2016\/wp-content\/uploads\/2018\/07\/07_spela_volcic-1.jpg'><img loading=\"lazy\" decoding=\"async\" width=\"150\" height=\"210\" src=\"https:\/\/fotoit.it\/2016\/wp-content\/uploads\/2018\/07\/07_spela_volcic-1-150x210.jpg\" class=\"attachment-thumbnail size-thumbnail\" alt=\"\" \/><\/a>\n\t\t\t<\/dt><\/dl><dl class='gallery-item'>\n\t\t\t<dt class='gallery-icon portrait'>\n\t\t\t\t<a href='https:\/\/fotoit.it\/2016\/wp-content\/uploads\/2018\/07\/08_spela_volcic.jpg'><img loading=\"lazy\" decoding=\"async\" width=\"150\" height=\"210\" src=\"https:\/\/fotoit.it\/2016\/wp-content\/uploads\/2018\/07\/08_spela_volcic-150x210.jpg\" class=\"attachment-thumbnail size-thumbnail\" alt=\"\" \/><\/a>\n\t\t\t<\/dt><\/dl><br style=\"clear: both\" \/><dl class='gallery-item'>\n\t\t\t<dt class='gallery-icon portrait'>\n\t\t\t\t<a href='https:\/\/fotoit.it\/2016\/wp-content\/uploads\/2018\/07\/17_spela_volcic.jpg'><img loading=\"lazy\" decoding=\"async\" width=\"150\" height=\"210\" src=\"https:\/\/fotoit.it\/2016\/wp-content\/uploads\/2018\/07\/17_spela_volcic-150x210.jpg\" class=\"attachment-thumbnail size-thumbnail\" alt=\"\" \/><\/a>\n\t\t\t<\/dt><\/dl><dl class='gallery-item'>\n\t\t\t<dt class='gallery-icon portrait'>\n\t\t\t\t<a href='https:\/\/fotoit.it\/2016\/wp-content\/uploads\/2018\/07\/04_spela_volcic.jpg'><img loading=\"lazy\" decoding=\"async\" width=\"150\" height=\"210\" src=\"https:\/\/fotoit.it\/2016\/wp-content\/uploads\/2018\/07\/04_spela_volcic-150x210.jpg\" class=\"attachment-thumbnail size-thumbnail\" alt=\"\" \/><\/a>\n\t\t\t<\/dt><\/dl><dl class='gallery-item'>\n\t\t\t<dt class='gallery-icon portrait'>\n\t\t\t\t<a href='https:\/\/fotoit.it\/2016\/wp-content\/uploads\/2018\/07\/18_spela_volcic.jpg'><img loading=\"lazy\" decoding=\"async\" width=\"150\" height=\"210\" src=\"https:\/\/fotoit.it\/2016\/wp-content\/uploads\/2018\/07\/18_spela_volcic-150x210.jpg\" class=\"attachment-thumbnail size-thumbnail\" alt=\"\" \/><\/a>\n\t\t\t<\/dt><\/dl><br style=\"clear: both\" \/><dl class='gallery-item'>\n\t\t\t<dt class='gallery-icon portrait'>\n\t\t\t\t<a href='https:\/\/fotoit.it\/2016\/wp-content\/uploads\/2018\/07\/01_spela_volcic-1.jpg'><img loading=\"lazy\" decoding=\"async\" width=\"150\" height=\"210\" src=\"https:\/\/fotoit.it\/2016\/wp-content\/uploads\/2018\/07\/01_spela_volcic-1-150x210.jpg\" class=\"attachment-thumbnail size-thumbnail\" alt=\"\" \/><\/a>\n\t\t\t<\/dt><\/dl><dl class='gallery-item'>\n\t\t\t<dt class='gallery-icon portrait'>\n\t\t\t\t<a href='https:\/\/fotoit.it\/2016\/wp-content\/uploads\/2018\/07\/05_spela_volcic.jpg'><img loading=\"lazy\" decoding=\"async\" width=\"150\" height=\"210\" src=\"https:\/\/fotoit.it\/2016\/wp-content\/uploads\/2018\/07\/05_spela_volcic-150x210.jpg\" class=\"attachment-thumbnail size-thumbnail\" alt=\"\" \/><\/a>\n\t\t\t<\/dt><\/dl><dl class='gallery-item'>\n\t\t\t<dt class='gallery-icon landscape'>\n\t\t\t\t<a href='https:\/\/fotoit.it\/2016\/wp-content\/uploads\/2018\/07\/11_spela_volcic.jpg'><img loading=\"lazy\" decoding=\"async\" width=\"150\" height=\"210\" src=\"https:\/\/fotoit.it\/2016\/wp-content\/uploads\/2018\/07\/11_spela_volcic-150x210.jpg\" class=\"attachment-thumbnail size-thumbnail\" alt=\"\" \/><\/a>\n\t\t\t<\/dt><\/dl><br style=\"clear: both\" \/><dl class='gallery-item'>\n\t\t\t<dt class='gallery-icon landscape'>\n\t\t\t\t<a href='https:\/\/fotoit.it\/2016\/wp-content\/uploads\/2018\/07\/13_spela_volcic.jpg'><img loading=\"lazy\" decoding=\"async\" width=\"150\" height=\"210\" src=\"https:\/\/fotoit.it\/2016\/wp-content\/uploads\/2018\/07\/13_spela_volcic-150x210.jpg\" class=\"attachment-thumbnail size-thumbnail\" alt=\"\" \/><\/a>\n\t\t\t<\/dt><\/dl><dl class='gallery-item'>\n\t\t\t<dt class='gallery-icon portrait'>\n\t\t\t\t<a href='https:\/\/fotoit.it\/2016\/wp-content\/uploads\/2018\/07\/16_spela_volcic.jpg'><img loading=\"lazy\" decoding=\"async\" width=\"150\" height=\"210\" src=\"https:\/\/fotoit.it\/2016\/wp-content\/uploads\/2018\/07\/16_spela_volcic-150x210.jpg\" class=\"attachment-thumbnail size-thumbnail\" alt=\"\" \/><\/a>\n\t\t\t<\/dt><\/dl><dl class='gallery-item'>\n\t\t\t<dt class='gallery-icon portrait'>\n\t\t\t\t<a href='https:\/\/fotoit.it\/2016\/wp-content\/uploads\/2018\/07\/15_spela_volcic.jpg'><img loading=\"lazy\" decoding=\"async\" width=\"150\" height=\"210\" src=\"https:\/\/fotoit.it\/2016\/wp-content\/uploads\/2018\/07\/15_spela_volcic-150x210.jpg\" class=\"attachment-thumbnail size-thumbnail\" alt=\"\" \/><\/a>\n\t\t\t<\/dt><\/dl><br style=\"clear: both\" \/><dl class='gallery-item'>\n\t\t\t<dt class='gallery-icon portrait'>\n\t\t\t\t<a href='https:\/\/fotoit.it\/2016\/wp-content\/uploads\/2018\/07\/14_spela_volcic.jpg'><img loading=\"lazy\" decoding=\"async\" width=\"150\" height=\"210\" src=\"https:\/\/fotoit.it\/2016\/wp-content\/uploads\/2018\/07\/14_spela_volcic-150x210.jpg\" class=\"attachment-thumbnail size-thumbnail\" alt=\"\" \/><\/a>\n\t\t\t<\/dt><\/dl><dl class='gallery-item'>\n\t\t\t<dt class='gallery-icon landscape'>\n\t\t\t\t<a href='https:\/\/fotoit.it\/2016\/wp-content\/uploads\/2018\/07\/12_spela_volcic.jpg'><img loading=\"lazy\" decoding=\"async\" width=\"150\" height=\"210\" src=\"https:\/\/fotoit.it\/2016\/wp-content\/uploads\/2018\/07\/12_spela_volcic-150x210.jpg\" class=\"attachment-thumbnail size-thumbnail\" alt=\"\" \/><\/a>\n\t\t\t<\/dt><\/dl><dl class='gallery-item'>\n\t\t\t<dt class='gallery-icon portrait'>\n\t\t\t\t<a href='https:\/\/fotoit.it\/2016\/wp-content\/uploads\/2018\/07\/03_spela_volcic-1.jpg'><img loading=\"lazy\" decoding=\"async\" width=\"150\" height=\"210\" src=\"https:\/\/fotoit.it\/2016\/wp-content\/uploads\/2018\/07\/03_spela_volcic-1-150x210.jpg\" class=\"attachment-thumbnail size-thumbnail\" alt=\"\" \/><\/a>\n\t\t\t<\/dt><\/dl><br style=\"clear: both\" \/><dl class='gallery-item'>\n\t\t\t<dt class='gallery-icon portrait'>\n\t\t\t\t<a href='https:\/\/fotoit.it\/2016\/wp-content\/uploads\/2018\/07\/02_spela_volcic-1.jpg'><img loading=\"lazy\" decoding=\"async\" width=\"150\" height=\"210\" src=\"https:\/\/fotoit.it\/2016\/wp-content\/uploads\/2018\/07\/02_spela_volcic-1-150x210.jpg\" class=\"attachment-thumbnail size-thumbnail\" alt=\"\" \/><\/a>\n\t\t\t<\/dt><\/dl><dl class='gallery-item'>\n\t\t\t<dt class='gallery-icon portrait'>\n\t\t\t\t<a href='https:\/\/fotoit.it\/2016\/wp-content\/uploads\/2018\/07\/09_spela_volcic.jpg'><img loading=\"lazy\" decoding=\"async\" width=\"150\" height=\"210\" src=\"https:\/\/fotoit.it\/2016\/wp-content\/uploads\/2018\/07\/09_spela_volcic-150x210.jpg\" class=\"attachment-thumbnail size-thumbnail\" alt=\"\" \/><\/a>\n\t\t\t<\/dt><\/dl><dl class='gallery-item'>\n\t\t\t<dt class='gallery-icon portrait'>\n\t\t\t\t<a href='https:\/\/fotoit.it\/2016\/wp-content\/uploads\/2018\/07\/06_spela_vlolcic-1.jpg'><img loading=\"lazy\" decoding=\"async\" width=\"150\" height=\"210\" src=\"https:\/\/fotoit.it\/2016\/wp-content\/uploads\/2018\/07\/06_spela_vlolcic-1-150x210.jpg\" class=\"attachment-thumbnail size-thumbnail\" alt=\"\" \/><\/a>\n\t\t\t<\/dt><\/dl><br style=\"clear: both\" \/>\n\t\t<\/div>\n\n","protected":false},"excerpt":{"rendered":"<p>&nbsp;<\/p>\n","protected":false},"author":2,"featured_media":4368,"comment_status":"closed","ping_status":"closed","template":"","meta":{"_et_pb_use_builder":"","_et_pb_old_content":"","_et_gb_content_width":"","footnotes":""},"project_category":[9],"project_tag":[],"class_list":["post-4366","project","type-project","status-publish","has-post-thumbnail","hentry","project_category-portfolio-italia"],"_links":{"self":[{"href":"https:\/\/fotoit.it\/2016\/wp-json\/wp\/v2\/project\/4366","targetHints":{"allow":["GET"]}}],"collection":[{"href":"https:\/\/fotoit.it\/2016\/wp-json\/wp\/v2\/project"}],"about":[{"href":"https:\/\/fotoit.it\/2016\/wp-json\/wp\/v2\/types\/project"}],"author":[{"embeddable":true,"href":"https:\/\/fotoit.it\/2016\/wp-json\/wp\/v2\/users\/2"}],"replies":[{"embeddable":true,"href":"https:\/\/fotoit.it\/2016\/wp-json\/wp\/v2\/comments?post=4366"}],"version-history":[{"count":3,"href":"https:\/\/fotoit.it\/2016\/wp-json\/wp\/v2\/project\/4366\/revisions"}],"predecessor-version":[{"id":6236,"href":"https:\/\/fotoit.it\/2016\/wp-json\/wp\/v2\/project\/4366\/revisions\/6236"}],"wp:featuredmedia":[{"embeddable":true,"href":"https:\/\/fotoit.it\/2016\/wp-json\/wp\/v2\/media\/4368"}],"wp:attachment":[{"href":"https:\/\/fotoit.it\/2016\/wp-json\/wp\/v2\/media?parent=4366"}],"wp:term":[{"taxonomy":"project_category","embeddable":true,"href":"https:\/\/fotoit.it\/2016\/wp-json\/wp\/v2\/project_category?post=4366"},{"taxonomy":"project_tag","embeddable":true,"href":"https:\/\/fotoit.it\/2016\/wp-json\/wp\/v2\/project_tag?post=4366"}],"curies":[{"name":"wp","href":"https:\/\/api.w.org\/{rel}","templated":true}]}}

ŠPELA VOLČIČ &#8211; Et fiat lux
